 q(3). Suppose -a = j - 6*j. What is the units digit of j?
2
Let d(c) = c**2 + 9*c + 4. Let f(r) = -r**2 + 2*r - 1. Let t be f(3). Let m be d(t). Let j = m + 31. What is the units digit of j?
5
Let k(n) = 2 + 3*n**2 - 6*n**2 + 1 + 4*n**2. What is the tens digit of k(3)?
1
Let k be 254/9 - 16/72. Suppose -5*z = -2*d - 13, k = 3*d + 3*z - z. What is the units digit of d?
6
Suppose u + 1 = 3. Suppose -5*d + 3 = -u*d. Suppose 5*z - 22 = -b - 1, z - 3*b - d = 0. What is the units digit of z?
4
Let q(x) = -x**3 + 9*x**2 - 10*x + 11. Let b be q(8). Let h be b*(0 + 0 + -1). Suppose w = h*o - 4*w, 6 = -o + 3*w. What is the units digit of o?
3
Suppose o - 6*o + 5*y + 30 = 0, o + 4*y = -14. Suppose -z + 4 = -o*c, 4*z = -2*c - 2*c - 8. Let g = 7 - c. What is the units digit of g?
9
Let i(k) = 3*k - 8. Let d(f) = f - 3. Let t(a) = -8*d(a) + 3*i(a). What is the units digit of t(1)?
1
Suppose 5*k - 102 = 68. What is the units digit of k?
4
Suppose -10 = -3*p + 26. Suppose 2*z - 6*z = p. What is the units digit of 3*(-1)/z*1?
1
Suppose 2*w - 2*u - 186 = -34, 9 = -3*u. What is the tens digit of w?
7
Let r(t) = 18*t + 4 - 3*t**2 + 2*t**2 + 0 - 6*t. What is the units digit of r(12)?
4
Let x(k) = k**3 - 11*k**2 + 15*k - 16. What is the units digit of x(11)?
9
What is the tens digit of -1 - 3*(-17 - 1)?
5
What is the units digit of (11 - 1) + (-2)/(-2)?
1
Let b be 1/(-1 + 34/35). Suppose 54 = v + t, 3*v - 3*t - 31 = 101. Let j = b + v. What is the units digit of j?
4
Let d(n) be the third derivative of -1/20*n**5 + 1/2*n**3 + 1/120*n**6 - 1/6*n**4 - n**2 + 0 + 0*n. What is the units digit of d(4)?
3
Let c(a) = 3*a**2 + a + 13. Let y be c(6). Suppose -3*l = 5*r - y, 2*l - 2*r = -7*r + 88. What is the tens digit of l?
3
Suppose 3*u - 5*u - 5*m + 15 = 0, -m + 39 = 4*u. What is the units digit of 4/10 + 196/u?
0
Let o = 43 - 41. What is the units digit of o?
2
Let n be (-3)/(2 - (-36)/(-20)). Let h = 44 + n. What is the tens digit of h?
2
Suppose -13*g = -10*g - 90. What is the units digit of g?
0
Let i(x) = -x**3 - 4*x**2 - 4*x + 2. Let k be i(-4). Let c be (-4)/k - 58/(-18). Let w = 8 - c. What is the units digit of w?
5
Let u be 2 - (1 - 0) - 14. Let c be u*((-3)/(-3) - 2). Suppose 0 = a - 0 - c. What is the units digit of a?
3
Suppose 68 = z - d, -5*z + 2*d + 168 = -181. What is the tens digit of z?
7
Let l be (-238)/(-4) - 2/(-4). Let v = -42 + l. Suppose 0*k + v = 3*k. What is the units digit of k?
6
Let v(u) = -u**3 + u + 3. Suppose -5*s + 2*s = 0. Let z be v(s). Suppose z*w = -2*w + 5. What is the units digit of w?
1
Let a(n) = -2 - n + 4 - 1. Suppose -2*t - 2*t - 2*u = -2, -3*t + 3*u = 21. What is the units digit of a(t)?
3
Suppose -i = 2*f - 3*f, -5*f = -4*i - 2. What is the units digit of i?
2
Let u = 68 - 23. What is the tens digit of u?
4
Suppose -105 = 12*q - 15*q. What is the units digit of q?
5
Let l(j) = -j + 4. Let f(n) = -n**3 - 5*n**2 + 2*n + 7. Let m be f(-5). What is the units digit of l(m)?
7
Let h be (10/(-30))/(1/(-18)). What is the units digit of -2 + (h/2 - -16)?
7
Let p be (-3)/(-5) - (-144)/10. Suppose 6*d - d = y - p, -4*y + 9 = -3*d. What is the units digit of (2/d)/(8/(-12))?
1
Let g(c) = c**3 + 5*c**2 - 5*c + 9. Suppose -4*y - y - 30 = 0. What is the units digit of g(y)?
3
Let j = 23 - -54. Suppose -17 = 3*h - j. What is the units digit of h?
0
Let l = 36 + -25. What is the tens digit of l?
1
Let o(h) = -h + 22. What is the units digit of o(7)?
5
Suppose p - 2*p - 5*z + 128 = 0, -2*z + 494 = 4*p. What is the hundreds digit of p?
1
Let g(v) = 2*v**2 + 4*v + 3. Let f be g(-2). Let s(j) = j**2 - j - 3. Let m be s(f). Suppose m*d - 10 = -4. What is the units digit of d?
2
Suppose -l = 2*l - 24. Suppose l = -11*t + 15*t. What is the units digit of t?
2
Let h(m) = 2*m**2 - 5. What is the tens digit of h(-4)?
2
Suppose -3*n + 3 = 0, -6*n + 11 = 2*r - n. Suppose -19 + r = -4*o. What is the units digit of 1*-3 - (-11 + o)?
4
Suppose 0 = 2*u + 2*u + 16, -8 = -3*g - u. Suppose y = -2*s + g + 6, 20 = 5*s + 5*y. What is the units digit of s?
6
Suppose -110 = -2*p + 104. What is the units digit of p?
7
Let w(g) = 6*g**2 - 1. Suppose -3*k + 3 = -0. Let h be w(k). Suppose 3 = h*f - 57. What is the units digit of f?
2
Let u(g) be the first derivative of 11*g**4/2 - g**3/3 + g - 1. What is the units digit of u(1)?
2
Suppose 5*s - 4 = -2*f, -4*s + 0*s = 0. Suppose 7 = f*r - r. What is the units digit of r?
7
Suppose -5*m + 4*z + 348 = 0, -m = -z - 29 - 41. What is the units digit of m?
8
Let n be -1 + 3 + 0 + -12. Let c(o) = o**2 - 8*o - 3. Let r be c(9). What is the units digit of (-76)/(-10) + r/n?
7
Let z(l) = l**3 - 8*l**2 - 5*l - 12. What is the tens digit of z(9)?
2
Let c(h) = h**3 + 8*h**2 - 8*h - 2. What is the units digit of c(-8)?
2
Suppose -4*n + 34 = n - 2*y, -10 = 5*y. Suppose 6*z + n = 3*z. What is the units digit of z/(1*4/(-6))?
3
Let x(s) = 1 + 3 + 10*s**2 - 4*s**2. What is the units digit of x(2)?
8
Let y be (4/3)/((-4)/(-6)). Let d(f) = 12*f. Let l be d(y). Suppose k = -4*u - 4*k + 9, -l = -5*u - 2*k. What is the units digit of u?
6
Let w(a) = -a**2 - 7*a - 1. Let j be w(-8). What is the units digit of 9*(-12)/j*1?
2
Let f be (-24)/18*171/(-6). Suppose f = y + 14. What is the tens digit of y?
2
Let d(v) = -13 - v + 0 - 10*v. What is the tens digit of d(-5)?
4
Let x(o) = -1. Let i(t) = -17*t + 17. Let d(p) = -i(p) - 17*x(p). What is the tens digit of d(1)?
1
Let y(s) = s**3 + 6*s**2 + 3*s - 2. Let j be y(-4). Let v = j - -7. What is the tens digit of v?
2
Suppose -t + 0*t + 65 = 0. What is the units digit of t?
5
Let q be (0 + 2)/((-8)/(-20)). Let m be 38/5 - 2/(-5). Let z = m - q. What is the units digit of z?
3
Suppose 0 = 4*h - 4*j + 20, 3*h - 5*j + 20 = -3. Let u be 1/h + 8 + -3. Suppose 0 = -u*c + 16, 2*c - c = -5*d + 29. What is the units digit of d?
5
Let j(q) = -q**3 + 7*q**2 - 6*q - 7. Let o be j(6). Let c = o + 9. What is the units digit of c?
2
Let m = 97 + -57. Suppose 4*f = 6*f + 4*i + 2, -5*i = f + 10. Suppose -y - m = -f*y. What is the tens digit of y?
1
Suppose -5*h = 4*l - 10, -h + 4*h - 6 = -l. Suppose 3*z - 30 + 12 = l. What is the units digit of z?
6
Let o = -4 - -4. What is the tens digit of 2/((-3)/(-21) - o)?
1
Let k = 54 - -38. What is the tens digit of k?
9
Let u(a) = 9*a**2 - 2*a - 1. Let q be u(-1). Suppose 3*j + 2*j = -q. Let d(v) = -2*v + 1. What is the units digit of d(j)?
5
Let k(y) = -y + 8. Let w be k(4). What is the units digit of (-1)/(-4) - (-35)/w?
9
Suppose -4*g = 12 - 64. What is the units digit of g?
3
Let s = 1 - -1. Let t be ((-8)/(-5))/(2/5). Suppose -s*d + 0 = -t. What is the units digit of d?
2
Let l(y) = y - 1 + 0 + 2 + 3. What is the units digit of l(7)?
1
Suppose -3*m + 5 = -10. Suppose 6 = 2*j + 2*z, -5*j = -4*z + 10 - 43. Suppose -j*v + 33 = -b + m*b, -3*v = -3*b + 18. What is the units digit of b?
7
Let b(f) = -f**2 - 5*f + 2. Let w = 8 + -1. Let y = -11 + w. What is the units digit of b(y)?
6
Let v = 27 - 16. Suppose 2*x - v = -3, -18 = -2*s - 3*x. What is the units digit of s?
3
What is the hundreds digit of (-2)/8 + 4/((-64)/(-1924))?
1
Let k(n) = -n**2 + n + 2. Let c be k(6). Let u be (-3)/((-6)/c - 0). Let s = 22 + u. What is the units digit of s?
8
Let j = 47 + -21. What is the units digit of j?
6
Suppose 0*i + 2*i - 216 = 0. What is the hundreds digit of i?
1
Let t(l) be the first derivative of 2*l**2 - l + 1. Let m = -17 + 20. What is the tens digit of t(m)?
1
Let u = -4 - -7. Suppose 0*c - 6 = c. What is the units digit of 19/u + 2/c?
6
Suppose -3*d = -2*d - 2*g, -d - 5*g = 0. Suppose 10 = -3*t + 5*p, p + 10 = 5*t - 2*p. Suppose d = -t*w + 18 + 7. What is the units digit of w?
5
What is the tens digit of (-1 - -4)/3 - -45?
4
Suppose -v = 3*b - 202, -152 = -5*b + 2*v + 203. What is the units digit of b?
9
Let h = -11 + 1. What is the tens digit of h/((5/(-2))/5)?
2
Let z = -21 - -6. Let d = -20 + 41. Let n = d + z. What is the units digit of n?
6
What is the units digit of (-2)/(-8) + 21/12?
2
What is the tens digit of 2/(1 - 69/75)?
2
Let j = 77 - 52. Suppose 0 = -3*u - 2*o + j, 3*o = 4*u - 4 - 1. Suppose u*n = n + 44. What is the tens digit of n?
1
Suppose 5*j - 2 = 8. Suppose 0 = -j*p - 22 + 66. What is the units digit of p?
2
Let j(n) = -n**2 - 17*n + 9. Let c be j(-11)